{"id":9,"date":"2022-08-24T15:28:53","date_gmt":"2022-08-24T13:28:53","guid":{"rendered":"https:\/\/rechtaufleben.org\/ral\/?page_id=9"},"modified":"2025-10-16T13:10:23","modified_gmt":"2025-10-16T11:10:23","slug":"uber-uns","status":"publish","type":"page","link":"https:\/\/rechtaufleben.org\/ral\/uber-uns\/","title":{"rendered":"\u00dcber uns"},"content":{"rendered":"<!--themify_builder_content-->\n<div id=\"themify_builder_content-9\" data-postid=\"9\" class=\"themify_builder_content themify_builder_content-9 themify_builder tf_clear\">\n                    <div  data-lazy=\"1\" class=\"module_row themify_builder_row tb_8vlm779 tb_first tf_w\">\n                        <div class=\"row_inner col_align_top tb_col_count_1 tf_box tf_rel\">\n                        <div  data-lazy=\"1\" class=\"module_column tb-column col-full tb_7ob7781 first\">\n                    <!-- module fancy heading -->\n<div  class=\"module module-fancy-heading tb_avl7995  tb_hide_divider\" data-lazy=\"1\">\n        <h3 class=\"fancy-heading\">\n    <span class=\"main-head tf_block\">\n                    \u00dcber uns            <\/span>\n\n    \n    <span class=\"sub-head tf_block tf_rel\">\n                    Auszug aus der Satzung des Vereins            <\/span>\n    <\/h3>\n<\/div>\n<!-- \/module fancy heading -->\n<!-- module text -->\n<div  class=\"module module-text tb_ns0q244   \" data-lazy=\"1\">\n        <div  class=\"tb_text_wrap\">\n        <p><!-- wp:paragraph --><\/p>\n<h5><span style=\"color: #000000;\"><strong style=\"font-size: 16px;\">Zweck des Vereins<\/strong><\/span><\/h5>\n<p><span style=\"color: #000000;\">(1) Der Verein ruft nach dem Recht auf das Leben und sagt nein zur Todesstrafe, Folter, Diskriminierung und Rassismus.<\/span><\/p>\n<p><span style=\"color: #000000;\">(2) Der Zweck des Vereins ist die F\u00f6rderung der Hilfe f\u00fcr die Menschen, die wegen ihrer politischen und religi\u00f6sen Meinungen verfolgt werden. Der Verein f\u00f6rdert auch Hilfe f\u00fcr die Menschen, die wegen ihrer Farbe, Nationalit\u00e4t und Minderheitszugeh\u00f6rigkeiten verfolgt werden oder im Gef\u00e4ngnis sitzen.<\/span><\/p>\n<p><span style=\"color: #000000;\">(3) Der Verein setzt sich gegen die Todstrafe und f\u00fcr die politischen Gefangene und Folteropfer ein und leistet dabei Rechtsbeistand, materille und finanzielle Unterst\u00fctzung.<\/span><\/p>\n<p><span style=\"color: #000000;\">4) Der Verein macht \u00d6ffentlichkeitsarbeit zur Lage der Menschenrechte im lran, wo die Menschenrechtsverletzungen zur Tagesordnung geh\u00f6ren. Der Schwerpunkt liegt bei der Abschaffung der Todstrafe, Folter und Freilassung der politischen Gefangenen im lran und versucht durch seine Aufkl\u00e4rungsarbeit viele Menschen f\u00fcr dieses Ziel zu gewinnen. Der Verein macht Infost\u00e4nde, Veranstaltungen, Demos und Mahnwachen in Deutschland und anderen EU-L\u00e4ndern, mit dem Ziel zur Verbesserung der Menschenrechtslage im lran.<\/span><\/p>\n<p><span style=\"color: #000000;\">(5) Der Satzungszweck wird insbesondere verwirklicht durch Sammlung von Spenden.<\/span><\/p>\n<p><span style=\"color: #000000;\">(6) Der Verein ist selbstlos t\u00e4tig; er verfolgt nicht in erster Linie eigenwirtschaftliche Zwecke.<\/span><\/p>\n<p><span style=\"color: #000000;\">(7) Mittel des Vereins d\u00fcrfen nur f\u00fcr die satzungsm\u00e4\u00dfigen Zwecke verwendet werden. Die Mitglieder erhalten keine Zuwendungen aus den Mitteln des Vereins.<\/span><\/p>\n<p><span style=\"color: #000000;\">(8) Es darf keine Person durch Ausgaben, die dem Zweck des Vereins fremd sind, oder durch unverh\u00e4ltnism\u00e4\u00dfig hohe Verg\u00fctungen beg\u00fcnstigt werden.<\/span><!-- \/wp:paragraph --><\/p>    <\/div>\n<\/div>\n<!-- \/module text -->        <\/div>\n                        <\/div>\n        <\/div>\n        <\/div>\n<!--\/themify_builder_content-->","protected":false},"excerpt":{"rendered":"<p>Zweck des Vereins (1) Der Verein ruft nach dem Recht auf das Leben und sagt nein zur Todesstrafe, Folter, Diskriminierung und Rassismus. (2) Der Zweck des Vereins ist&hellip;<\/p>\n","protected":false},"author":1,"featured_media":0,"parent":0,"menu_order":0,"comment_status":"closed","ping_status":"closed","template":"","meta":{"give_campaign_id":0,"footnotes":""},"class_list":["post-9","page","type-page","status-publish","hentry"],"campaignId":"","builder_content":"<h3>\u00dcber uns<br\/>Auszug aus der Satzung des Vereins<\/h3>\n<p><\/p> <h5><strong style=\"font-size: 16px;\">Zweck des Vereins<\/strong><\/h5> <p>(1) Der Verein ruft nach dem Recht auf das Leben und sagt nein zur Todesstrafe, Folter, Diskriminierung und Rassismus.<\/p> <p>(2) Der Zweck des Vereins ist die F\u00f6rderung der Hilfe f\u00fcr die Menschen, die wegen ihrer politischen und religi\u00f6sen Meinungen verfolgt werden. Der Verein f\u00f6rdert auch Hilfe f\u00fcr die Menschen, die wegen ihrer Farbe, Nationalit\u00e4t und Minderheitszugeh\u00f6rigkeiten verfolgt werden oder im Gef\u00e4ngnis sitzen.<\/p> <p>(3) Der Verein setzt sich gegen die Todstrafe und f\u00fcr die politischen Gefangene und Folteropfer ein und leistet dabei Rechtsbeistand, materille und finanzielle Unterst\u00fctzung.<\/p> <p>4) Der Verein macht \u00d6ffentlichkeitsarbeit zur Lage der Menschenrechte im lran, wo die Menschenrechtsverletzungen zur Tagesordnung geh\u00f6ren. Der Schwerpunkt liegt bei der Abschaffung der Todstrafe, Folter und Freilassung der politischen Gefangenen im lran und versucht durch seine Aufkl\u00e4rungsarbeit viele Menschen f\u00fcr dieses Ziel zu gewinnen. Der Verein macht Infost\u00e4nde, Veranstaltungen, Demos und Mahnwachen in Deutschland und anderen EU-L\u00e4ndern, mit dem Ziel zur Verbesserung der Menschenrechtslage im lran.<\/p> <p>(5) Der Satzungszweck wird insbesondere verwirklicht durch Sammlung von Spenden.<\/p> <p>(6) Der Verein ist selbstlos t\u00e4tig; er verfolgt nicht in erster Linie eigenwirtschaftliche Zwecke.<\/p> <p>(7) Mittel des Vereins d\u00fcrfen nur f\u00fcr die satzungsm\u00e4\u00dfigen Zwecke verwendet werden. Die Mitglieder erhalten keine Zuwendungen aus den Mitteln des Vereins.<\/p> <p>(8) Es darf keine Person durch Ausgaben, die dem Zweck des Vereins fremd sind, oder durch unverh\u00e4ltnism\u00e4\u00dfig hohe Verg\u00fctungen beg\u00fcnstigt werden.<\/p>","_links":{"self":[{"href":"https:\/\/rechtaufleben.org\/ral\/wp-json\/wp\/v2\/pages\/9","targetHints":{"allow":["GET"]}}],"collection":[{"href":"https:\/\/rechtaufleben.org\/ral\/wp-json\/wp\/v2\/pages"}],"about":[{"href":"https:\/\/rechtaufleben.org\/ral\/wp-json\/wp\/v2\/types\/page"}],"author":[{"embeddable":true,"href":"https:\/\/rechtaufleben.org\/ral\/wp-json\/wp\/v2\/users\/1"}],"replies":[{"embeddable":true,"href":"https:\/\/rechtaufleben.org\/ral\/wp-json\/wp\/v2\/comments?post=9"}],"version-history":[{"count":0,"href":"https:\/\/rechtaufleben.org\/ral\/wp-json\/wp\/v2\/pages\/9\/revisions"}],"wp:attachment":[{"href":"https:\/\/rechtaufleben.org\/ral\/wp-json\/wp\/v2\/media?parent=9"}],"curies":[{"name":"wp","href":"https:\/\/api.w.org\/{rel}","templated":true}]}}